r) = -31*r - 118. Let g(a) = 2*d(a) - 9*q(a). Let b be g(7). What is the highest common factor of 11 and b?
11
Let x(c) = c**2 - c - 46. Suppose 6*g = 2*g + 32. Let f be x(g). What is the highest common factor of f and 25?
5
Let a(q) = q**3 + 16*q**2 + 31*q + 34. Let m be a(-10). Suppose r - 75 = 36. Suppose 5*u = 69 + r. Calculate the greatest common divisor of m and u.
36
Let f be (21/(-21))/(5/(-365)). What is the greatest common factor of 3869 and f?
73
Let t(w) = 249*w**2 + w + 2. Let o be t(-1). Suppose o = 5*g + 5*g. What is the greatest common factor of 225 and g?
25
Let o be (-8)/(-20) + (-76)/(-10). Let i be 7 + 79/237 + (-40)/12. What is the greatest common divisor of o and i?
4
Let m = -47 + 51. Let y be 12 + (-3)/(27/(-504)). Calculate the greatest common factor of y and m.
4
Let y = 2125 - 973. Suppose 1109 = -t + y. Calculate the greatest common divisor of 473 and t.
43
Let n(k) = k**2 + k - 1. Let x(p) = -2*p**3 + 22*p**2 + 24*p - 3. Let f(h) = -6*n(h) + x(h). Let m be f(9). What is the highest common divisor of 111 and m?
3
Let c = -102 + 168. Let n(g) be the first derivative of g**4/4 + 8*g**3/3 + 7*g**2/2 - 8*g - 15. Let r be n(-6). What is the greatest common factor of c and r?
22
Let w = 13280 + -13120. Calculate the highest common divisor of 2460 and w.
20
Let q be -4 + 0 + 2 - -4. Suppose 7 + 21 = -7*m. Let x be (-3028)/(-16) + 9/m + q. Calculate the highest common factor of 21 and x.
21
Suppose 0 = 956*d - 909*d - 96867. What is the highest common divisor of 18 and d?
9
Suppose -346*v + 62350 - 7924 = -3702. Let p = 6 + -4. Suppose -d = -4*x + 83, 5*x + p*d = 6*d + 101. What is the greatest common divisor of x and v?
21
Let b = 262 + -256. Suppose 4*l - 64 = -2*o, 3*o + l - 6 = 110. Suppose -5*k = 4*f - o, -4*k + 25 + 19 = 4*f. Calculate the greatest common divisor of b and f.
3
Suppose 18 = 2*c + 8. Suppose -7*h + 114 = -c*h. Let p be 3 + 1 - h/19. What is the highest common factor of 16 and p?
1
Suppose -49579 - 7935 - 53672 = -58*r. What is the greatest common factor of 18 and r?
9
Let c be 8915/45 - 2/18. What is the greatest common factor of 252 and c?
18
Let z = 1492 + -932. Suppose 8*w = 15*w + z. Let r = w + 97. What is the greatest common factor of 187 and r?
17
Let d(u) = -u**3 - 6*u**2 + 40*u + 93. Let j be d(-10). Calculate the greatest common factor of j and 1519.
31
Suppose b = a - 6, -4*a = b + b. Suppose 6*n + 2*i - 42 = n, a*i = -n + 10. What is the greatest common factor of n and 44?
4
Let p(z) = -2*z**2 - 127 + 124 + 7*z**2 + z**3 - 2*z**3. Let t be p(4). Suppose -5*b = -b - 156. What is the highest common factor of b and t?
13
Suppose 88*w - 3190 = 59*w. What is the highest common divisor of 2365 and w?
55
Suppose 1709 = 5*p + 2*w, -5*p + w = -1749 + 46. Let x(k) = -2*k**3 - 53*k**2 - k - 694. Let o be x(-27). Calculate the highest common factor of o and p.
31
Let v be (-2)/3 + 861/9. Suppose 27*q - 3*r = 29*q + 4, -16 = 2*r. What is the highest common divisor of v and q?
5
Suppose -7*q + 439 + 499 = 0. Suppose q = 11*t - 31. Calculate the greatest common divisor of t and 6.
3
Let r = 7774 + -7218. Calculate the greatest common factor of r and 20.
4
Suppose 0*f + 2*f - 36 = 0. Suppose -70 = 13*d - f*d. Suppose -30*b + 140 = -28*b. Calculate the highest common factor of b and d.
14
Suppose d - 5*g - 171 = -70, d + 5*g - 71 = 0. Let r = d - 84. Let v be 14/7*(3 + r). Calculate the greatest common factor of v and 40.
10
Let x(q) = -18*q + 326. Let r be x(11). What is the highest common divisor of r and 52?
4
Suppose 5*n = -299 - 636. Let r = 206 + n. What is the highest common divisor of 133 and r?
19
Let b = -52315 - -52345. Suppose -4*q + 1848 = 3*t, -q + 6*q = -5*t + 2305. Calculate the greatest common divisor of q and b.
15
Let r be (-20 + 10)*((-4)/(-22) - (-901)/(-55)). What is the highest common factor of r and 60?
6
Let v = 200 + -204. Let a be ((-1683)/(-18))/(v/(-24)). What is the highest common divisor of a and 33?
33
Let m = 3023 + -2999. What is the highest common divisor of 2088 and m?
24
Let t(y) = y + 23. Let s be t(-19). Let m = -29 + 34. Suppose 208 = m*l + 28. What is the greatest common divisor of s and l?
4
Let h(w) = 136*w**3 - w**2 + w - 1. Let n be h(1). Let q(z) = z**2 - 54*z + 635. Let i be q(16). Calculate the greatest common divisor of i and n.
27
Suppose -191*b + 9116 = 77*b - 99424. Calculate the greatest common factor of b and 2511.
81
Let g(c) = 118*c + 2697. Let x be g(5). Calculate the greatest common divisor of 76 and x.
19
Suppose 14030 = 134*d + 3176. Suppose 5*j = 4*t - 1 - 9, -11 = 2*j - 3*t. Suppose -54 = -3*g + j*g. What is the highest common factor of d and g?
27
Suppose 4*w + 103 = 847. Suppose 616*k - 172*k - 457 = 2207. What is the highest common factor of k and w?
6
Suppose 11 = 5*i - 19. Suppose i*q + 7 = 13. Let n be 0 + -1 - (-3)/q. What is the greatest common factor of 18 and n?
2
Suppose 340 = 108*z - 91*z. What is the highest common divisor of 1310 and z?
10
Suppose 15 = -0*i + 3*i. Suppose 5*y - 72 = -2*c, -14 = 2*c - i*y - 46. Suppose -8*d + 444 = -76. What is the highest common divisor of d and c?
13
Let b = -66 + 158. Suppose -1842 = -14*c - b. Let x = -30 + 55. Calculate the highest common factor of c and x.
25
Let v = -398 + 401. Suppose -v*c = 2*w - 88, c - 36 = -w - 3*w. What is the greatest common factor of c and 98?
14
Suppose 2 = 37*p - 38*p. Let m be -1*0/((-4 - p)/(-2)). Suppose -u + 11 = -m*u. What is the greatest common factor of u and 121?
11
Let q(g) = g**3 + 48*g**2 + 208*g + 197. Let f be q(-37). Calculate the highest common divisor of 120 and f.
120
Let c be 120/2*1/2. Let d be (-3 - (-56)/21)*(-15)/1. Let b = 25 - d. What is the highest common factor of b and c?
10
Let d(q) = -q**2 - 72*q - 490. Let r be d(-19). Calculate the highest common divisor of 55 and r.
11
Let o(w) = -75*w + 11*w - 121*w + 5. Let z be o(-3). Suppose z = -15*v + 19*v. What is the highest common divisor of v and 20?
20
Let u be -52*(-6)/12 - 6. Suppose 0 = 2*x - 6*x - u, -2*b + 261 = x. What is the highest common factor of 21 and b?
7
Let i = -21048 + 21244. Calculate the greatest common factor of 1127 and i.
49
Suppose -6*l + 12 - 12 = 0. Suppose -2*d - 4 = -l*d. Let u(f) = 3*f**2 + 8*f + 12. Let r be u(d). Calculate the highest common divisor of 88 and r.
8
Let y(c) = 0*c - 4*c + 6*c - 20. Let f be y(11). Suppose f*k - 15 = 3. Calculate the highest common divisor of k and 6.
3
Let l = 14893 - 14875. Let f(m) = -m**2 - 12*m + 6. Let n be f(-6). Calculate the highest common divisor of l and n.
6
Suppose -4724 + 1329 = -48*c + 1981. What is the greatest common factor of 1736 and c?
56
Suppose 4*r + 3*n - 2141 = 0, 4*r + 0*r - 2*n - 2146 = 0. Let o = -509 + r. Calculate the highest common divisor of o and 18.
9
Let a = -3960 - -3950. Let i = -210 + 142. Let p be i/a*(-40)/64*-4. Calculate the greatest common divisor of 34 and p.
17
Suppose 11*c = -9884 + 10038. Calculate the highest common factor of 1939 and c.
7
Let d(x) = x + 127. Let v be d(-12). Suppose 3*h - 70 = 3*w + w, -5*w + v = 3*h. Calculate the highest common divisor of 50 and h.
10
Let w = -138 - -141. Suppose w*u + 4*r = 6*u - 2441, -2*r = 4. Suppose 2*j = -m - 3*m + 540, -5*m + u = 3*j. Calculate the greatest common factor of 34 and j.
34
Suppose -8*l + 4*l = -472. Suppose 272 = 122*x - l*x. Calculate the highest common factor of x and 136.
68
Suppose 5*i - 543 = -3*c + 2*i, 4*i = -5*c + 908. Suppose 59 = 3*x - 1. Let d be x + 7 + 0 + -4. Calculate the greatest common divisor of d and c.
23
Suppose -2*o + 6 = 0, 0 = -4*y + 347*o - 351*o + 72. What is the greatest common divisor of 15 and y?
15
Let b(s) = -2*s**2 - 90*s - 212. Let m be b(-42). Calculate the greatest common divisor of 220 and m.
20
Let z = -5276 - -11170. Calculate the highest common factor of z and 28.
14
Let a be 44/(-1)*(483/23 - 22). Calculate the greatest common factor of 6875 and a.
11
Let l(q) = -113*q**3 + 6*q**2 - 8*q + 3. Let p be l(1). Let d be p/(-21)*(-2328)/(-32). What is the highest common divisor of 97 and d?
97
Let w = -5001 + 5040. Calculate the greatest common factor of 4121 and w.
13
Let s = -6 - -76. Let r = 14 + -14. Suppose -5*z - 4*h + 53 + 17 = r, -h = 5*z - 55. What is the highest common divisor of s 